{"id":45,"date":"2021-04-20T07:01:41","date_gmt":"2021-04-20T07:01:41","guid":{"rendered":"https:\/\/metsamasa.fi\/?page_id=45"},"modified":"2021-05-31T09:15:53","modified_gmt":"2021-05-31T09:15:53","slug":"palvelut","status":"publish","type":"page","link":"https:\/\/metsamasa.fi\/index.php\/palvelut\/","title":{"rendered":"Palvelut"},"content":{"rendered":"\n<h1 class=\"wp-block-heading\">Palvelut<\/h1>\n\n\n\n<h3 class=\"wp-block-heading\">Pihapuun kaato<\/h3>\n\n\n\n<p>Hinta riippuu t\u00e4ysin kohteesta ja siit\u00e4 mit\u00e4 ty\u00f6h\u00f6n sis\u00e4ltyy. Kaadon lis\u00e4ksi karsin, p\u00e4tkin, pilkon esim. klapeiksi ja siivoan risut mik\u00e4li asiakkaan kanssa niin sovitaan. Kysy tarjous!<\/p>\n\n\n\n<h3 class=\"wp-block-heading\">Kantojyrsint\u00e4<\/h3>\n\n\n\n<p>Hinta lasketaan kannon halkaisijasta, maan tasalta. Hinta py\u00f6rii molemminpuolin 1e\/cm+alv riippuen kannon koosta ja i\u00e4st\u00e4 sek\u00e4 m\u00e4\u00e4r\u00e4st\u00e4.<\/p>\n\n\n\n<h3 class=\"wp-block-heading\">Pensasaitojen leikkaus<\/h3>\n\n\n\n<p>Tarvittaessa siivoan my\u00f6s j\u00e4tteet ja vien pois. Kysy tarjous!<\/p>\n\n\n\n<h3 class=\"wp-block-heading\">mets\u00e4nhoito<\/h3>\n\n\n\n<p>Taimikonhoidon hinta: varhaisperkaus alkaen 300e\/ha+alv ja nuorenmets\u00e4nkunnostus alkaen 380e\/ha+alv. Ennakkoraivaus alkaen 290e+alv. K\u00e4yn tekem\u00e4ss\u00e4 ilmaisen arviok\u00e4ynnin ennen tarkemman tarjouksen tekemist\u00e4.<\/p>\n\n\n\n<p><\/p>\n","protected":false},"excerpt":{"rendered":"<p>Palvelut Pihapuun kaato Hinta riippuu t\u00e4ysin kohteesta ja siit\u00e4 mit\u00e4 ty\u00f6h\u00f6n sis\u00e4ltyy. Kaadon lis\u00e4ksi karsin, p\u00e4tkin, pilkon esim. klapeiksi ja siivoan risut mik\u00e4li asiakkaan kanssa&hellip;<\/p>\n","protected":false},"author":1,"featured_media":0,"parent":0,"menu_order":0,"comment_status":"closed","ping_status":"closed","template":"","meta":{"_monsterinsights_skip_tracking":false,"_monsterinsights_sitenote_active":false,"_monsterinsights_sitenote_note":"","_monsterinsights_sitenote_category":0,"footnotes":""},"class_list":["post-45","page","type-page","status-publish","hentry"],"aioseo_notices":[],"_links":{"self":[{"href":"https:\/\/metsamasa.fi\/index.php\/wp-json\/wp\/v2\/pages\/45","targetHints":{"allow":["GET"]}}],"collection":[{"href":"https:\/\/metsamasa.fi\/index.php\/wp-json\/wp\/v2\/pages"}],"about":[{"href":"https:\/\/metsamasa.fi\/index.php\/wp-json\/wp\/v2\/types\/page"}],"author":[{"embeddable":true,"href":"https:\/\/metsamasa.fi\/index.php\/wp-json\/wp\/v2\/users\/1"}],"replies":[{"embeddable":true,"href":"https:\/\/metsamasa.fi\/index.php\/wp-json\/wp\/v2\/comments?post=45"}],"version-history":[{"count":7,"href":"https:\/\/metsamasa.fi\/index.php\/wp-json\/wp\/v2\/pages\/45\/revisions"}],"predecessor-version":[{"id":198,"href":"https:\/\/metsamasa.fi\/index.php\/wp-json\/wp\/v2\/pages\/45\/revisions\/198"}],"wp:attachment":[{"href":"https:\/\/metsamasa.fi\/index.php\/wp-json\/wp\/v2\/media?parent=45"}],"curies":[{"name":"wp","href":"https:\/\/api.w.org\/{rel}","templated":true}]}}